ided by 5699.
125
What is the remainder when 1014 is divided by 149?
120
What is the remainder when 7105 is divided by 1014?
7
What is the remainder when 15404 is divided by 32?
12
Calculate the remainder when 1708 is divided by 400.
108
Calculate the remainder when 5665 is divided by 234.
49
Calculate the remainder when 29061 is divided by 7262.
13
Calculate the remainder when 24278 is divided by 505.
38
What is the remainder when 30411 is divided by 25?
11
What is the remainder when 2381718 is divided by 440?
438
What is the remainder when 10533 is divided by 78?
3
What is the remainder when 996 is divided by 226?
92
What is the remainder when 18603 is divided by 713?
65
Calculate the remainder when 6015 is divided by 147.
135
What is the remainder when 12424 is divided by 12421?
3
What is the remainder when 8537 is divided by 711?
5
Calculate the remainder when 32586 is divided by 381.
201
What is the remainder when 25422 is divided by 147?
138
What is the remainder when 200900 is divided by 26?
24
Calculate the remainder when 19074 is divided by 25.
24
What is the remainder when 11678 is divided by 6?
2
What is the remainder when 66609 is divided by 33304?
1
What is the remainder when 32660 is divided by 148?
100
Calculate the remainder when 5080 is divided by 543.
193
What is the remainder when 18479 is divided by 47?
8
What is the remainder when 13990 is divided by 538?
2
What is the remainder when 162950 is divided by 23278?
4
What is the remainder when 26239 is divided by 13009?
221
Calculate the remainder when 1045 is divided by 992.
53
Calculate the remainder when 44521 is divided by 989.
16
Calculate the remainder when 30070 is divided by 7495.
90
What is the remainder when 343 is divided by 86?
85
What is the remainder when 521544 is divided by 30?
24
Calculate the remainder when 884 is divided by 253.
125
What is the remainder when 302245 is divided by 71?
69
Calculate the remainder when 197945 is divided by 31.
10
What is the remainder when 9746 is divided by 4455?
836
What is the remainder when 623029 is divided by 97?
95
Calculate the remainder when 11169 is divided by 446.
19
What is the remainder when 194787 is divided by 442?
307
Calculate the remainder when 77276 is divided by 522.
20
Calculate the remainder when 7257 is divided by 605.
602
What is the remainder when 56995 is divided by 95?
90
Calculate the remainder when 60266 is divided by 538.
10
What is the remainder when 2630 is divided by 152?
46
Calculate the remainder when 14407 is divided by 272.
263
Calculate the remainder when 3054 is divided by 843.
525
Calculate the remainder when 4089 is divided by 326.
177
What is the remainder when 27523 is divided by 920?
843
What is the remainder when 31567 is divided by 15766?
35
What is the remainder when 69572 is divided by 142?
134
What is the remainder when 16798 is divided by 671?
23
What is the remainder when 7912 is divided by 64?
40
What is the remainder when 30627 is divided by 38?
37
Calculate the remainder when 394999 is divided by 33.
22
Calculate the remainder when 444126 is divided by 49.
39
What is the remainder when 1094 is divided by 1023?
71
Calculate the remainder when 6509 is divided by 6459.
50
Calculate the remainder when 17164 is divided by 8541.
82
What is the remainder when 2635 is divided by 48?
43
Calculate the remainder when 747 is divided by 350.
47
What is the remainder when 281722 is divided by 4857?
16
Calculate the remainder when 219437 is divided by 260.
257
What is the remainder when 228740 is divided by 45745?
15
Calculate the remainder when 21681 is divided by 232.
105
Calculate the remainder when 118379 is divided by 60.
59
What is the remainder when 22922 is divided by 4545?
197
Calculate the remainder when 544 is divided by 165.
49
Calculate the remainder when 7142 is divided by 2379.
5
Calculate the remainder when 20789 is divided by 10387.
15
What is the remainder when 1957 is divided by 234?
85
Calculate the remainder when 12650 is divided by 3161.
6
What is the remainder when 20189 is divided by 93?
8
Calculate the remainder when 63795 is divided by 1724.
7
Calculate the remainder when 4977 is divided by 982.
67
Calculate the remainder when 157341 is divided by 176.
173
What is the remainder when 11813 is divided by 754?
503
Calculate the remainder when 82414 is divided by 509.
465
Calculate the remainder when 2385 is divided by 312.
201
Calculate the remainder when 19771 is divided by 3953.
6
What is the remainder when 4239 is divided by 1285?
384
What is the remainder when 174886 is divided by 56?
54
What is the remainder when 305547 is divided by 630?
627
Calculate the remainder when 14112 is divided by 4701.
9
Calculate the remainder when 14755 is divided by 4914.
13
Calculate the remainder when 17531 is divided by 915.
146
Calculate the remainder when 392643 is divided by 130879.
6
Calculate the remainder when 26767 is divided by 235.
212
Calculate the remainder when 15541 is divided by 86.
61
Calculate the remainder when 2337121 is divided by 94.
93
What is the remainder when 26311 is divided by 356?
323
What is the remainder when 80746 is divided by 475?
471
Calculate the remainder when 9882 is divided by 260.
2
What is the remainder when 13578 is divided by 44?
26
Calculate the remainder when 113658 is divided by 5.
3
What is the remainder when 10418 is divided by 614?
594
Calculate the remainder when 6471 is divided by 2092.
195
Calculate the remainder when 5047 is divided by 2521.
5
What is the remainder when 9172 is divided by 199?
18
Calculate the remainder when 195946 is divided by 43.
38
Calculate the remainder when 60534 is divided by 369.
18
Calculate the remainder when 1541355 is divided by 234.
231
Calculate the remainder when 2034861 is divided by 624.
621
What is the remainder when 586350 is divided by 86?
2
What is the remainder when 1095 is divided by 545?
5
Calculate the remainder when 2651 is divided by 378.
5
Calculate the remainder when 500964 is divided by 20.
4
Calculate the remainder when 1093 is divided by 57.
10
What is the remainder when 11228 is divided by 12?
8
Calculate the remainder when 7443 is divided by 41.
22
What is the remainder when 612 is divided by 60?
12
Calculate the remainder when 142077 is divided by 98.
75
What is the remainder when 19854 is divided by 95?
94
Calculate the remainder when 19126 is divided by 6355.
61
Calculate the remainder when 1967 is divided by 50.
17
What is the remainder when 157401 is divided by 768?
729
What is the remainder when 1176 is divided by 413?
350
What is the remainder when 59381 is divided by 619?
576
Calculate the remainder when 48609 is divided by 331.
283
Calculate the remainder when 123712 is divided by 109.
106
Calculate the remainder when 2584057 is divided by 47.
44
Calculate the remainder when 24516 is divided by 1766.
1558
What is the remainder when 95652 is divided by 90?
72
Calculate the remainder when 1925 is divided by 955.
15
Calculate the remainder when 41788 is divided by 230.
158
What is the remainder when 4729 is divided by 53?
12
What is the remainder when 1370756 is divided by 60?
56
Calculate the remainder when 921373 is divided by 135.
133
What is the remainder when 973499 is divided by 4?
3
What is the remainder when 522 is divided by 441?
81
Calculate the remainder when 148145 is divided by 21162.
11
What is the remainder when 35924 is divided by 11964?
32
Calculate the remainder when 147032 is divided by 1290.
1262
What is the remainder when 3153 is divided by 1044?
21
Calculate the remainder when 1585318 is divided by 40.
38
What is the remainder when 11941 is divided by 1101?
931
Calculate the remainder when 136375 is divided by 12.
7
Calculate the remainder when 77656 is divided by 206.
200
Calculate the remainder when 18523 is divided by 6171.
10
What is the remainder when 139 is divided by 36?
31
Calculate the remainder when 22106 is divided by 630.
56
What is the remainder when 18766 is divided by 34?
32
Calculate the remainder when 90915 is divided by 777.
6
What is the remainder when 6156 is divided by 1087?
721
Calculate the remainder when 2230 is divided by 2217.
13
Calculate the remainder when 11087 is divided by 43.
36
What is the remainder when 41358 is 